p - 3. Let k be (1 - -1)/(-2) - -5. Let z = k - 2. Let d(v) = v - 2. Let r(j) = z*y(j) - 3*d(j). Give r(-1).
1
Suppose -3*z = 3*b + 9, -3*b - 21 = -b + 5*z. Let d(s) = -2*s**2 + 3*s - 3. Determine d(b).
-5
Let l(c) = -c + 2. Let j be l(0). Let n be (-3 - -2)/(j/(-8)). Let v(o) = -13*o**2 - 4*o + 28*o**2 + 2 - 5*o**2 - 9*o**2. Determine v(n).
2
Let f(h) = -5*h**3 + 10*h**2 - h + 7. Let k(b) = 4*b**3 - 9*b**2 + 2*b - 7. Let v(p) = 3*f(p) + 4*k(p). Let x = -8 + 26. Let d = x + -13. Determine v(d).
-7
Suppose -1 = -4*z - 9. Let h(n) = -n**2 + 6*n - 1. Let b(m) = -6*m**2 + 31*m - 6. Let g(o) = -2*b(o) + 11*h(o). Give g(z).
-3
Let i(o) be the first derivative of -o**2/2 - 2*o + 18. What is i(-4)?
2
Let w(z) = z - 3*z + 1 - 2*z. Let t = -4 - -8. Suppose -t*f - 2 = 2. What is w(f)?
5
Let c = 1 - -1. Let q(k) = 0 + k**3 + 0*k - 3*k - c. Suppose -12*p + 10 = -17*p. Calculate q(p).
-4
Suppose 5*y - 5 = -0*y. Let r(u) = -20*u - 20 + 34*u + 21. Calculate r(y).
15
Let q(j) = j**3 - 7*j**2 + j + 3. Let f(h) = 3*h**2 - 7 + 3 + 3. Let u = -5 - -10. Let i(g) = u*f(g) + 2*q(g). What is i(-1)?
-2
Let w = -2 - -1. Let q(x) = x**2 + 7*x - 1. Let z(b) = -b**2 - 6*b + 1. Let o(k) = -6*q(k) - 7*z(k). Calculate o(w).
0
Let b(l) = -1 + 1 + 1 - 4*l. Suppose 0 = 4*k - 3 - 5. Let d be 1 - 1/(k/4). What is b(d)?
5
Let g(h) = h - 2. Let v(i) = -i**2 + 7*i - 3. Let k be v(6). Let q(b) = -2*b + k - 3 - 2*b**2 + 1 + 3*b**2. Let x be q(1). Calculate g(x).
-2
Let h(c) = c**3 - 7*c**2 + 9*c - 13. Let a be h(6). Let k(z) = 5*z - 2*z - 6 - z. What is k(a)?
4
Let k(b) = -5*b**2 + 15*b - 17. Let f(c) = 4*c**2 - 14*c + 15. Let a(j) = 6*f(j) + 5*k(j). Determine a(-8).
13
Let f(b) be the second derivative of -b**5/20 + 7*b**4/12 - 7*b**3/6 - b**2 - 10*b. What is f(6)?
-8
Let p(r) = r**2 + 6*r + 5. Let w(o) = -3*o - 13. Let t be w(-6). Suppose 0*d - t = d. Calculate p(d).
0
Let i = 15 - 9. Let a(v) = -4 + v - 4 + v. Let z be a(i). Let q(f) = f**2 - 7*f + 5. Calculate q(z).
-7
Let w(r) = -r + 4. Let z(c) = -2. Let m(h) = -6*w(h) - 14*z(h). What is m(-3)?
-14
Let b(g) = 1. Let i(m) = -m. Let s(h) = 5*b(h) + i(h). Suppose -5*x = -3*x + 10. Let a = x + 8. Calculate s(a).
2
Let t(u) = u - 2. Let j(h) = 3*h**2 + h + 1. Let w be j(-1). Let a = 0 + w. Suppose 12 = a*q - 7*q. What is t(q)?
-5
Suppose 0 = 4*s + 4. Let v be s/((-3)/(-2 - -20)). Let a(k) = -k + 7. Determine a(v).
1
Suppose -9 - 2 = -3*j + c, -5*j = 5*c - 5. Let p(v) = j*v - 6 - v - 2*v - 3*v. Determine p(-4).
6
Let t(k) be the third derivative of -k**6/120 - 7*k**5/60 - k**4/24 - 4*k**3/3 + 2*k**2. What is t(-7)?
-1
Let h(q) = -4 + 0*q + 2*q + 12*q**2 + 5*q + 10*q - 5*q**3. Let x(s) = 3*s**3 - 6*s**2 - 9*s + 2. Let j(p) = -4*h(p) - 7*x(p). What is j(-5)?
2
Let a(h) be the second derivative of -h**4/12 - 5*h. Calculate a(2).
-4
Let d(q) = q - 7. Let f(a) = -1. Let r(s) = d(s) - 4*f(s). What is r(7)?
4
Let n(r) = 13*r + 9. Let u(k) = -3*k - 2. Let s(d) = -2*n(d) - 9*u(d). Let p = 3 - 1. Suppose -4 = -p*w - 0. Determine s(w).
2
Let y be 4/(-14) - (-90)/21. Let o = 9 - y. Suppose 2*v + 3 = -p, -o*v = 4*p - v. Let u(i) = -i**3 + 4*i**2 - 4*i + 2. What is u(p)?
-1
Let w(i) = 3*i + 4. Let m be 2 - (4 + 2 - -3). Let n(q) = -q - 10. Let r be n(m). Give w(r).
-5
Suppose 7*p - 6*p = 10. Let z(u) = u**3 - 9*u**2 - 9*u - 10. What is z(p)?
0
Suppose 0 = 5*r + 4*i + 41, 4*r + 14 = -i - 10. Let u(m) be the third derivative of m**5/60 + 7*m**4/24 + 2*m**3/3 + m**2. Calculate u(r).
-6
Suppose 0 = -2*c - 5 + 1. Let t = c + 12. Let g(i) = 7*i - t*i - 3 + 0. Give g(-3).
6
Let g(y) be the third derivative of y**6/120 + y**5/15 - y**4/8 - 5*y**3/6 - 5*y**2. Calculate g(-4).
7
Let p = 44 + -30. Let r = p - 11. Let l(b) = -2*b + 3. Give l(r).
-3
Let p(z) = 3*z - 5. Let h(s) be the third derivative of s**4/24 - s**3/3 - 4*s**2. Let g(l) = -11*h(l) + 4*p(l). What is g(-6)?
-4
Let n(v) = -v**3 - 7*v**2 - 8*v - 4. Let q = 188 - 193. Determine n(q).
-14
Let q be (-13)/((-390)/(-200)) + (-2)/(-3). Let l(h) = 6 - 1 + 0*h + h. Calculate l(q).
-1
Let d(o) = 10 - o**3 - 7*o**2 - 9 - 3. Calculate d(-7).
-2
Let s(l) = l**2 - 5*l - 5. Let j(y) = 5 + 3*y**2 - 2*y**2 + 0. Let w be j(0). Give s(w).
-5
Let h(l) = -l**2 - l + 1. Let m be 792/20 - (-2)/5. Suppose 0 = d + 4*d + m. Let c be ((-6)/d)/((-4)/16). Give h(c).
-5
Let q(r) be the second derivative of r**4/12 + 5*r**3/3 + 2*r**2 + r. Let y be q(-9). Let g be (-4)/(-3)*(y - -8). Let b(s) = 2*s - 3. Calculate b(g).
5
Suppose -3*b + 2*b - 2*x - 3 = 0, -4*x = -4*b + 36. Suppose 3 = o + b. Let p(d) = -d**2 + d. What is p(o)?
-6
Let c be 3 + -2 - 2/2. Let g(w) be the second derivative of -w**3/6 - w**2/2 + 19*w. Determine g(c).
-1
Suppose 3*f - 15 = -2*f. Let y be 4 - (2/1 - 0). Let t(d) = 2*d**y - 4 - d + 3 - 4*d**f - d**2. What is t(-1)?
5
Let v(a) = 14*a - 17. Let n = -7 - -12. Let h(p) = n*p - 2 + 1 - 5. Let u(g) = -17*h(g) + 6*v(g). Give u(1).
-1
Suppose 0 = -3*d + 15 - 0. Suppose -4*h - h + d*x = 45, 3*h = -2*x - 12. Let z(g) be the first derivative of g**3/3 + 7*g**2/2 + 6*g - 1. What is z(h)?
0
Suppose 4*l - l + 12 = 3*j, -4*j - 5*l + 25 = 0. Let w(s) = 0*s + j*s - 1 + 9*s - 15*s. Determine w(7).
-8
Let x(v) = 7*v**2 - v. Let t(h) = -h**2 + 10*h - 8. Let w be (-8)/4*(-9)/2. Let f be t(w). Determine x(f).
6
Let i(l) = l**3 + 3*l**2 - 5*l - 1. Let k be i(-4). Suppose -v = m + 4, -6*m + 3*m = -k*v + 18. Let x(y) = y**2 + 3*y - 4. Give x(m).
6
Let h(o) be the first derivative of 2 + o - 1/2*o**2 - 5/3*o**3. Determine h(1).
-5
Let a(c) = -9*c + 7. Let l be a(1). Let y(k) = 2 - 1 - 3*k - 2. Calculate y(l).
5
Let c(t) be the first derivative of -1/3*t**3 + 3*t**2 + 3 + 0*t. What is c(5)?
5
Let j(t) = t**3 - 9*t**2 + 8*t - 2. Let l be j(8). Let i(c) = c + 4. Let v be i(l). Let f(m) = m**2 - 3*m + 3. Calculate f(v).
1
Let a(b) be the third derivative of -1/120*b**6 + 0 + 2/3*b**3 + b**2 + 1/30*b**5 + 0*b + 1/24*b**4. Calculate a(3).
-2
Let h(q) = -q**3 + 8*q**2 + q - 7. Let m be h(8). Let z be -3*(2 - m) - 2. Let v(x) = -x**2 - 6*x - 2. Calculate v(z).
3
Suppose b - 5*i = -3*b - 30, 15 = -b + 5*i. Let z(q) = -q**2 - 4*q + 1. Determine z(b).
-4
Let g(i) be the third derivative of -i**4/24 + i**3/3 - 3*i**2. Let f = 8 + -12. Give g(f).
6
Let n(m) = 3*m**2 - 8*m - 10. Let k(t) = -t**2 + 3*t + 3. Let z(g) = -5*g - 2. Let x be z(-2). Let h(s) = x*k(s) + 3*n(s). Let p = -17 + 17. Calculate h(p).
-6
Let m(w) = w - 6. Let k(g) = g**3 + 5*g**2 + 4*g + 5. Suppose 0 = -0*l - 4*l + 20. Suppose l*y + 11 = -9. Let f be k(y). Determine m(f).
-1
Let w(l) = l**3 - 2*l**2 - l + 4. Let n be ((-2)/(30/(-9)))/(5/25). Calculate w(n).
10
Let y = -40 - -32. Let r(b) = b**2 + 8*b + 5. Determine r(y).
5
Let k(v) = 7*v**2 - 5*v + 5. Let h(t) = -4*t**2 + 3*t - 3. Let g(a) = 11*h(a) + 6*k(a). Determine g(2).
-5
Let j(d) = d + 9. Suppose -7*u + 4 = -3*z - 3*u, 5*u = -5*z - 65. Calculate j(z).
1
Let x = 8 - 12. Let r(c) = -c**3 - 8*c**2 - 2*c + 2. Let w(a) = -a**3 - 9*a**2 - a + 3. Let q(k) = 4*r(k) - 3*w(k). What is q(x)?
3
Suppose m + 2*m = -15. Let d(c) = 8 + 0 + c - 1. What is d(m)?
2
Suppose 7 = -2*k - 3. Let c be 2/k + 39/(-15). Let i(o) = o**2 + o + 3. Calculate i(c).
9
Let u(p) = -8*p**2 + 2*p - 3. Let c(z) = z**2 - z + 1. Let d(g) = -3*c(g) - u(g). Let h(v) = v**2 - 8*v + 1. Let m be h(8). Calculate d(m).
6
Let s(r) = 0 - 7 - r + 2*r - 3. Give s(6).
-4
Let l(w) be the second derivative of w**5/20 + w**4/2 - w**3/6 - 7*w**2/2 - 3*w. Let d be l(-6). Let m(r) = r**2. Determine m(d).
1
Let z be (-1)/4 - (-15)/12. Let o(w) = 3*w + 2 + z - 2*w + 0*w. Give o(-3).
0
Let v = 12 + -7. Let n(h) = -2*h**2 + 7*h + 2. Let u(o) = o**2 - o. Let b be (0 - 2) + (-2 - -3). Let g(m) = b*n(m) - u(m). Give g(v).
-7
Let h(c) = -4*c + 2*c - 3*c + 4*c - 11. Calculate h(-7).
-4
Let u be 1/6 + 14/(-12). Let m = -1 - u. Let w(b) = b**3 + b**2 - b + 6. Give w(m).
6
Let d(x) = -x**2 + x + 5. Let s = 26 - 19. Suppose s*o = 4*o + 12. Give d(o).
-7
Suppose a = 3*a + 2. Let n(p) = -3*p**3 + 4*p**2 + 2*p + 3. Let j(b) = -3*b**3 + 3*b**2 + b + 2. Let i(h) = 4*j(h) - 3*n(h). Determine i(a).
4
Let j(m) = m**2 - 8*m - 9. Let c be j(9). Let t(o) be the third derivative of 1/2*o**3 - 2*o**2 + c*o - 1/24*o**4 + 0. Calculate t(2).
1
Let g = 13 + -9. Suppose 0*f + 19 = -f + g*b, -3*f + 